 and g?
3
Let a be 1 + -2 + 21 - 2. Let u(r) = -r**3 + 6*r**2 + 5*r - 13. Let b be u(7). Let p be (b + (-2)/(-1) - -1)*-6. What is the greatest common factor of p and a?
18
Let j(o) = -13*o - 5. Let i be j(-5). Let t(f) = f**2 - f - 5. Let z = -6 + 11. Let c be t(z). Calculate the highest common factor of c and i.
15
Let s = -193 - -234. Calculate the highest common factor of s and 41.
41
Let y be (0 - 2 - 23)*-1. Suppose -8*l = -6*l + 14. Let k(c) = -2*c - 4. Let q be k(l). What is the greatest common divisor of y and q?
5
Let h be -23*(610/(-20) + (-2)/4). What is the highest common divisor of 31 and h?
31
Let i be 4/2*87/6. Suppose -2*c + 0*c - w - i = 0, 11 = -3*c + 5*w. Let u = c - -33. Calculate the highest common divisor of u and 3.
3
Suppose 4*y = 13 - 13. Let m be 12 + -13 - (-3 - y). What is the highest common factor of 2 and m?
2
Let c = -15 - -22. Suppose c*o - 3*o - 80 = 0. Let i = -28 + 48. What is the highest common divisor of o and i?
20
Let l be (-1 + 251)*(-3)/(-6). Suppose 0 = 2*q + 5*k - 169, 3*q + 3*k - 94 = 146. Suppose -4*y + 277 - q = 0. Calculate the highest common factor of l and y.
25
Let c(x) = -x**3 + 12*x**2 + x - 11. Let f be c(12). Let d(r) = 254*r**3 + 3*r**2 - 3*r + 2. Let w be d(f). What is the greatest common factor of 32 and w?
32
Suppose -q + 0*v - 5*v = -22, 4*v - 8 = 0. Suppose -q*k + 3*k = -567. What is the greatest common factor of k and 9?
9
Suppose q - 40 = -z - 17, 2*z = -q + 44. What is the greatest common divisor of z and 987?
21
Let p = -7 - -3. Let z be 2*(-3 - p) + 0. What is the highest common factor of z and 10?
2
Let a = 373 + -700. Let b = a + 597. Let x be ((-72)/(-60))/(2/b). Calculate the highest common divisor of x and 18.
18
Let c be 112/2 - (1 + (-3 - -2)). Suppose -4 = -2*z + 4*k, -2*z - 4*k = k - 31. What is the greatest common factor of z and c?
8
Suppose 48*j = 47*j + 12. Calculate the highest common divisor of 36 and j.
12
Let n = 332 + -255. What is the highest common factor of n and 11?
11
Let i be (-2)/(-9) - (-50)/18. Suppose 0 = -5*g + 20, -f + 4*g + 75 = 6*g. Let d = f + -46. Calculate the highest common divisor of i and d.
3
Let v(q) = 27*q**3 - 3*q**2. Let n be v(2). What is the highest common divisor of 12 and n?
12
Suppose 0*x + 88 = 4*m - 4*x, -2*m + 44 = -4*x. Suppose q - 3*i = 21, 2*q - 2*i - m = -0. Let s = 13 + -4. Calculate the greatest common factor of q and s.
3
Let o(k) = 2*k**3 - 12*k**2 - 24*k - 18. Let h be o(8). Calculate the highest common factor of h and 6.
2
Let w(u) = -u**3 + 4*u**2 - 4*u + 6. Let n be w(3). Suppose 4*a - 11 + n = 0. Calculate the greatest common divisor of a and 1.
1
Suppose -28 = -4*b - 4. Suppose 5*j - 30 = -2*x, -4*j - 108 = x - b*x. Suppose -9*n - 320 = -11*n. What is the highest common divisor of x and n?
20
Let n be (14/(-8) - -1)*-20. Suppose 84*k - 80*k = 0. Suppose k = 6*h - 965 + 65. Calculate the greatest common factor of n and h.
15
Let t be (-5 + 8)*(0 - -1). Suppose t*q - 9 = 3. Suppose -40 = -q*h - h. Calculate the greatest common factor of h and 20.
4
Let k(i) = i**2 + 31*i + 29. Let d be k(-31). What is the greatest common divisor of d and 3712?
29
Let l be (-8010)/(-144) - 3/(-8). What is the highest common divisor of 28 and l?
28
Let r(p) = -82*p + 413. Let g be r(-30). Calculate the highest common divisor of g and 13.
13
Suppose 5*n - 455 = h, -5*n - 2*h + 455 = -h. Suppose n - 61 = 2*f. What is the highest common factor of 25 and f?
5
Let c be ((-84)/4)/((90/(-924))/5). What is the highest common divisor of c and 44?
22
Suppose 3*g - 3*d = 195, 0 = 4*g - 2*d - 420 + 164. Suppose -s - 4*s + g = 2*k, -k = -s + 7. Calculate the highest common divisor of s and 44.
11
Let c be (-8 + 3 - -3) + 19. Let a be ((-952)/(-21))/(5/(-105)*-7). What is the highest common divisor of a and c?
17
Let q be (1/2)/(2/(-4)). Let x(u) = -12*u + 2 - 76*u**3 + 10*u + 4*u. Let b be x(q). What is the highest common factor of 19 and b?
19
Let f(i) = -i**3 + 22*i**2 + 37. Let h be f(22). What is the highest common factor of h and 259?
37
Suppose 38*t - 17*t - 378 = 0. Suppose z - 2*z + 45 = 0. Calculate the highest common divisor of t and z.
9
Let q = -19 - -21. Let b be -4*(3 + (-75)/20). What is the greatest common factor of q and b?
1
Suppose -4*m + 104 + 245 = -u, 0 = -5*m - u + 434. Calculate the highest common factor of m and 145.
29
Let n = 30 + -15. Suppose -3*p = 0, 4*c - 2*p - 6 = 6. Calculate the highest common divisor of n and c.
3
Suppose -3*g + 9 = -3. Suppose -3 = 5*o - 5*p + 12, g*p = -o + 17. Let r be (-2)/o*11/(-11). Calculate the greatest common factor of 16 and r.
2
Let u = 18 + -19. Let h be u/((-3)/882*2). Let x = h - 48. What is the greatest common factor of 9 and x?
9
Suppose -6*k + 10*k - h - 107 = 0, k - 4*h = 38. What is the highest common divisor of 221 and k?
13
Suppose -18*l + 14 = -16*l. Let x = 14 + -21. Let y = x + 8. Calculate the greatest common factor of y and l.
1
Let w be (-7)/(56/(-114)) + 11/(-44). Calculate the highest common divisor of w and 7.
7
Let l = 1 - -2. Suppose l*p - 4*d = 70, -2*p - 2*d = -28 - 0. What is the highest common divisor of p and 45?
9
Let q = -20 - -23. Suppose -4 = -4*f + z - q, 3*z = -f + 10. Let i(p) = p**2 - 3*p - 7. Let v be i(5). What is the greatest common factor of f and v?
1
Let x(w) = w**3 - 8*w**2 + 15*w - 7. Let u be x(6). Let o(i) = i**2 - i - 9. Let t be o(7). What is the greatest common factor of t and u?
11
Let l(f) = 4*f - 23 + 3*f - 10*f. Let w be l(-13). Calculate the greatest common factor of w and 40.
8
Let l be 3*(-154)/35*(-10)/(-6). Let x = 37 + l. What is the highest common divisor of x and 135?
15
Let t(f) = 4*f**2 - f - 15. Let z be t(4). What is the highest common divisor of z and 15?
15
Let b be ((-4)/22)/((-136)/374)*1850. Calculate the greatest common factor of b and 37.
37
Let a = 418 - 386. What is the greatest common divisor of a and 16?
16
Let j(u) be the first derivative of u**4/2 - u**2/2 - 2*u + 4. Suppose 6 + 22 = 14*y. Let g be j(y). What is the highest common divisor of g and 84?
12
Let c(u) = 90*u**2 - 28*u - 125. Let h be c(-6). What is the highest common factor of 67 and h?
67
Suppose d = i + 9, -d - 11 = -0*i + 3*i. Suppose -2*v = -d - 0. Suppose -h = -u - 14, 4*h - 29 = -v*u + 3. What is the greatest common factor of 50 and h?
10
Let f = 12 + -7. Let r be (-2)/(-2)*(-11)/11. Let x be 1624/20 + r/f. Calculate the highest common divisor of x and 9.
9
Let y(v) be the second derivative of -5*v**2 - 4*v + 1/20*v**5 + 0 + 1/2*v**4 - 3/2*v**3. Let m be y(-7). What is the greatest common factor of m and 16?
4
Let v be (-1 - 1)*35*(1 + -2). Calculate the greatest common divisor of v and 30.
10
Suppose 9 + 0 = 3*a. Let m be (-65)/(-35) - a/(-21). Suppose -12 = -5*q - m. What is the greatest common divisor of 10 and q?
2
Let f(m) = -3*m - 71. Let v be f(-24). Calculate the highest common divisor of 11 and v.
1
Suppose -2*k + 3*k - 96 = 3*r, -461 = -5*k - 4*r. Calculate the greatest common divisor of 31 and k.
31
Let j(r) = -3*r - 29. Suppose 0 = 2*h + 3*v + 39, 0 = 3*h + 3*v + 2*v + 61. Let t be j(h). Calculate the greatest common factor of t and 77.
7
Let p(m) = m**2 - 20*m - 84. Let f be p(-7). Calculate the greatest common factor of f and 273.
21
Let o(k) = k**2 + 5*k + 5. Let p be o(5). Suppose -h - 46 = -4*z + 15, -3*h - p = -4*z. What is the greatest common divisor of z and 144?
16
Suppose b + m + 26 = 6*b, -b = 3*m - 2. Suppose -b*f - 416 - 159 = 0. Let j = f - -236. What is the greatest common divisor of 11 and j?
11
Let k be -7*(-2)/42*54. What is the greatest common divisor of 2 and k?
2
Let n = -134 + 276. What is the greatest common factor of n and 497?
71
Let f(v) = 26*v**2 - 8*v - 21. Let l be f(-2). Let g be (-4)/((-8)/18)*1. What is the highest common factor of l and g?
9
Let a be (-2 + 2)*10/(-30). Suppose a = -s + 8 + 4. What is the greatest common divisor of 48 and s?
12
Let x = 471 + -457. What is the greatest common factor of 42 and x?
14
Let x be (-6 - -2)*1/(2/(-6)). Let o be 52/12 - (-8)/x. Calculate the greatest common divisor of o and 85.
5
Let g(m) = 39*m**2 - 1. Let w be g(2). Calculate the greatest common divisor of w and 124.
31
Let r(b) = 99*b**2 + 15*b + 20. Let w be r(-5). What is the highest common factor of